
(-28 - (-10 + -8)) + 22
12
What is -15 + 20 - (-57 - -64)?
-2
(22 - 29) + -2 + 8 + 20 + -9
10
Calculate (12 - 12) + -11 - -5.
-6
What is -13 - -2 - ((-13 - -1) + (4 - -11))?
-14
What is the value of 11 - -1 - (32 - (26 - 24))?
-18
-2 - (11 + -3) - (495 - 505)
0
What is -4 + -17 + 29 + -11?
-3
What is the value of (38 - 118) + 59 - (-7 - -1)?
-15
Calculate -6 + -11 - (-19 - -5).
-3
Evaluate ((3 - 14) + -6 - -7) + 25.
15
What is the value of 19 - 21 - -26 - 46?
-22
What is the value of -8 - -26 - 9 - (-17 - (0 - 10))?
16
-8 - (-18 - -6) - (3 + 6) - 5
-10
Evaluate 3 - ((24 - (-3 + 23)) + -4 + 2).
1
-15 + 1 + (-70 + 124 - 29)
11
Evaluate -10 - ((-101 - -90) + 19 + 2).
-20
-2 + 8 - -2 - -4
12
0 + 0 + (5 - (3 + -3 - -20))
-15
Evaluate -54 + (-13 - (-26 + 3)) - -11.
-33
Evaluate 7 + -7 + -1 - -1 - 1 - -10.
9
Calculate 2 - -1 - (5 - (-1 + 8) - 1).
6
What is 1 + -4 - (13 - (24 - 17))?
-9
What is 11 + -18 - -10 - (-5 + -23)?
31
Calculate 25 + (0 - (-1 + 4 + (5 - 7))).
24
Calculate -5 - (15 + -7 + -5 + 12 - 2).
-18
What is the value of 18 - (6 - -11 - (34 - 6))?
29
(-6 - (-5 - (0 - 9))) + -8
-18
Calculate 23 + 1 + (-2252 - -2235).
7
Calculate 3 - 10 - -10 - 2 - 19.
-18
What is the value of -23 + 3 + 7 + 11?
-2
Calculate -22 - -20 - ((1 - 1) + -9).
7
What is (-295 - -277) + 0 + 23 - -17?
22
Evaluate (-15 - 1) + 2 + 30.
16
Evaluate (-12 - (-32 + 8)) + -4 + (4 - -16).
28
9 + (-54 - (-43 - -15) - (-2 - 0))
-15
19 + 10 + (-10 - 17)
2
(-5 + 11 - -4) + -20
-10
Evaluate 4 + 25 + -44 - 7.
-22
Calculate (15 - (12 - 3)) + -4.
2
Evaluate (5 - 31) + 11 - -31.
16
What is the value of -7 + 30 - (2 + 18 + -2)?
5
What is the value of 6 + 35 + -36 - (1 + 5)?
-1
-50 + 50 + (2 - (2 + (-3 - 1)))
4
Calculate -7 - (-4 + 3 - -6 - -5).
-17
Evaluate 11 - 9 - (6 - 25).
21
What is the value of 3 + (-18 - -3) + (5 - (-2 - -1))?
-6
Evaluate -83 - (-2 - (86 + -43)).
-38
7 + -9 + 0 + 4 + 13 + -2
13
Evaluate 3 - 12 - (10 + (-10 - -16)).
-25
What is the value of (-8 - (-11 + 8 + -6)) + 17?
18
What is the value of (-7 - 0) + 11 + -10 - (2 + -3)?
-5
-2 - (-2 + -19) - (34 - 30 - -3)
12
What is the value of 15 - (-8 + 8 + 1) - (3 + 0)?
11
Calculate -22 + -14 + 0 - -35.
-1
0 + -35 + (-14 - 22) + 19 + 26
-26
What is the value of 3 + (2 - 2 - (-7 - 1))?
11
What is the value of 22 + -14 - (5 - 1 - 5)?
9
Evaluate 7 + -9 + -7 - -1.
-8
What is the value of 2 - (4 + (6 - (18 - (7 + -2))))?
5
What is -68 + (36 - 5) - -23?
-14
15 - 18 - (-2 + 3 + 3) - -23
16
-1 - (-8 - (8 + (-12 - -4) + -6))
1
Evaluate -1089 - -1069 - (1 - 2).
-19
What is 17 - (-18 + 41) - -16?
10
Evaluate 28 + 1 + -31 - -5.
3
3 - (-9 + (4 + -2 - (0 + -1)))
9
What is -125 + 125 + -2 + 13 + 2 + -3?
10
What is the value of -32 + 23 + 0 + (0 - -14)?
5
(6 - 14) + -2 + 25 + -7
8
-3 - (-2 + -2 + (8 + -9 - -4))
-2
16 + (-9 - 6) - 8
-7
-14 - -36 - 15 - (33 - 57)
31
(3 + 30 - 9 - 11 - -7) + 2
22
Evaluate 27 + (30 - 27) - 25.
5
What is the value of 33 - 4 - (50 + -16)?
-5
Calculate (-9 - (4 + -13)) + -1 - -12.
11
What is 18 - -31 - 12 - 10?
27
11 + -28 - -45 - 4
24
What is 4 + -8 + -28 + 45?
13
Evaluate (10 - 14 - (29 - 6)) + 2.
-25
(11 + -3 - ((11 - 6) + -5)) + -18
-10
What is 90 - 69 - (7 + 0)?
14
Calculate (7 - 2) + 9 + -10 - (1 + -2).
5
What is -57 + 29 - (-17 + -2)?
-9
What is the value of 8 + (13 - 0) + (148 - 158)?
11
What is 4 + -10 + 2 - 2?
-6
What is the value of 8 + (8 + -17 - -7) - (0 + -2)?
8
What is 5 + -2 - ((-1 - 5) + (-1 - 2))?
12
Calculate 2 + (-15 - -4) + 16.
7
Evaluate 2 + -27 + 80 - 41.
14
(-38 + -38 + 67 - (-1 - 2)) + -22
-28
-16 + -9 + -5 + 28
-2
Evaluate 1 + (-2 - 10) - (-51 - -39).
1
What is -27 + -18 - -17 - -31?
3
Evaluate (3 - (-5 - -11)) + 7 + -12 + 20.
12
(12 - (-3 + 14)) + 9
10
What is the value of 2 + (-1 - 2) - (13 + 16 + -19)?
-11
What is 1 - (-2 + 1 + -3 - 0 - -5)?
0
What is the value of 3 - -8 - (-4 - -6)?
9
What is (6 - (-4 - -9)) + -14?
-13
-2 + -1 + (-8 - 6 - (-13 + 3))
-7
What is (105 - 105) + (-3 - -2) + -2 + 16?
13
What is 7 + (-4 - (4 - 2)) + -13 + 11?
-1
-8 + 12 + -10 - (-22 - -19)
-3
Calculate -8 + -1 - (7 + 16 - (-8 - -8)).
-32
Calculate (-1 - 13) + 318 + -311.
-7
3 - 23 - (-52 + 19 - -22)
-9
-10 - (3 - (7 + -4)) - (5 - 0)
-15
Evaluate (-19 - -4) + ((-21 - -11) + 12 - 5).
-18
8 + -4 + (7 - 2)
9
Calculate 6 - (-1 - (-4 + (0 - -2) + -16)).
-11
Evaluate (13 - -15) + -20 - 1.
7
0 - -5 - (5 - (18 - (14 + 2)))
2
What is the value of 11 - (18 + -15) - (1 - 0)?
7
Evaluate -7 + -7 + 0 + 6 - -11 - -8.
11
What is (121 - 87) + -19 + 1?
16
Evaluate (1 + -2 - (-21 - (-16 + 8))) + -3.
9
What is (-12 - (-1 + 3 + -8)) + (12 - 4)?
2
Evaluate -17 - (-3 + 35 + -31).
-18
Calculate 8 + 6 + (-24 - -4) + 13.
7
What is the value of -3 + (3 + 0 + 0 - 5)?
-5
Calculate 5 + -8 + (0 - 3) + 24 + -27.
-9
Evaluate 16 - (-45 + 54 + (0 - 0)).
7
Evaluate (23 - (3 + 16 + -5)) + -33.
-24
Evaluate 17 + 12 + -23 + -22.
-16
What is -12 + (2 - (-13 + 14 - 3))?
-8
(-25 - 12) + (53 - 32)
-16
9 + 16 + -33 + -18
-26
What is the value of -3 + 1 - (238 - 255)?
15
Evaluate 10 + (5 - 7 - (1 - 4) - 4).
7
Calculate 21 + (-7 - 29) - -21.
6
Evaluate -28 - ((-195 - -196) + -8 + 1).
-22
Calculate -1 + (2 - (4 + -5)) + -6.
-4
Calculate (15 - 10) + -6 + -2 - (-1 + 1).
-3
19 + -8 + -19 - (0 + 8 + -2)
-14
(15 - -1) + (-54 - -29)
-9
What is 3 + -6 + -6 + 16 - 11?
-4
What is the value of 2 + -3 - (-5 + 0)?
4
What is 1 + 6 + -1 - (-14 - -18)?
2
Calculate -12 + (-20 - -37) - (1 - -3) - -12.
13
Evaluate 1 + -9 - (14 - (7 - -9)) - 5.
-11
What is 3 - (7 - (-6 - -10))?
0
What is the value of (-10 - -11) + (3 - (-1 + 3))?
2
What is the value of 4 + -1 + (9 - 1 - 16)?
-5
Evaluate -13 + (-6 - -38 - (-20 - -25)).
14
What is -9 + 6 - (7 + -9 + 9)?
-10
Calculate 16 - (-13 - (8 - 24)).
13
What is the value of 3 + -4 - (-2 - (-3 + -1 - -2))?
-1
What is the value of -4 - (-9 + 2 - 1 - (-21 + 15))?
-2
Evaluate 19 + (-39 - -26) - 14.
-8
Calculate 5 + -3 + (2 - (2 + (-5 - 1))).
8
-13 - (-62 - -67 - (2 - -50))
34
What is the value of (3 - 39) + -57 + 73?
-20
Calculate (-6 - -3) + (-4 + 26 - 11 - -15).
23
Calculate (0 + -3 - -6) + (-9 - -8) + 7.
9
(-3 - 20 - -18) + 2 + 9
6
Evaluate -32 + -22 - -25 - 4.
-33
What is the value of (-70 - (-57 - -8)) + (1 - 10)?
-30
What is the value of 1 + -3 + (6 - (1 + -2) - -2)?
7
Calculate -10 - (13 + (-18 - -7) + -3).
-9
Evaluate 4 - ((-11 + -1 - 9) + 9).
16
1 - (-10 + 5 + (-4 + 1 - -5))
4
What is the value of -15 + (0 - -2) - (-24 - -16)?
-5
(-5 - 14) + (7 - -1) + 5
-6
30 - 23 - (2 - -2)
3
-2 - ((24 - 33) + (5 - -1))
1
What is the value of 3 - (6 - (3 - ((-9 - -12) + 6)))?
-9
What is (87 - 86 - (-2 + 4)) + -10?
-11
Calculate 6 - (-5 - 4) - 8.
7
What is the value of 1 + -1 - (3 + (-7 - -2) + 5)?
-3
Evaluate 3 - 2 - ((6 + -18 - -5) + 3).
5
What is -1 + 5 - 1 - (8 + -2 - 4)?
1
Calculate -2 + (-1 - -6) - 4.
-1
What is 13 + 26 - (25 + -2)?
16
-4 + (-5 - (2 + (-7 - -5))) + -16
-25
Evaluate 3 + 1 + (-4 + -4 - -17).
13
Calculate 11 - (-31 - -75 - 20).
-13
Calculate 16 + (5 - 5) - 31.
-15
Calculate -3 + (14 + -17 - 8) + -17.
-31
1 + (-14 - -12) + (13 - -1) - 3
10
Evaluate (-2 - -3 - -2) + -2 - -5.
6
What is -5 + 5 + -9 + 17 + -12?
-4
Calculate 13 - 14 - -5 - (0 + 1).
3
-8 + 8 + -5 + 4 + 18
17
Calculate 2 + -1 - ((-9 - (10 + -11)) + 5).
4
Calculate -77 + 67 + (12 - 2) + 3.
3
Evaluate (-25 - -47) + 4 + 0.
26
Evaluate (-3 - 2) + (4 - 0).
-1
What is the value of 54 + 8 + (-14 - 0) - 13?
35
What is the value of (-2 - 10) + (491 - 497)?
-18
What is the value of 2 - -5 - (-3 + (11 - (24 - 9)))?
14
Evaluate -21 + 19 - (3 + 8).
-13
Calculate (7 - 1) + 70 + -30 + -28.
18
What is the value of (-1 + 1 + -10 + 11 - 2) + 1?
0
Evaluate 6 - ((9 - 15) + (16 - 3)).
-1
Evaluate 130 - 124 - (-1 + -7 + -1).
15
Calculate -4 + -3 + 19 + -18 + 8 - -15.
17
What is the value of (11 + 0 - (-279 + 275)) + -13?
2
What is -3 + (-54 + 55 - (-2 - -1))?
-1
Evaluate -34 + 25 + (4 + 5 - 27).
-27
What is the value of -2 - -2 - -11 - (-51 + 52)?
10
Calculate -9 - (12 + (-3 - (1 + 33))).
16
What is 5 + -10 - (-2 + 9 + -2)?
-10
What is 29 + -4 - (-11 + -15 + 38)?
13
Evaluate 26 - (-48 - -9 - -36).
29
(17 + -33 - -36) + -14 + 0
6
Evaluate (8 - 4) + -3 + 1 + (5 - 10).
-3
What is the value of -2 - (-7 + -16 + 2)?
19
What is (-3 - -14) + -9 - -3?
5
12 + (-7 + 17 - 14) - 21
-13
What is the 